ctors of s.
3, 7, 13
Suppose t + 30 = -30. Let i = t + 141. What are the prime factors of i?
3
Let f(q) = 8*q**2 - 12*q - 2. Let m be f(-4). What are the prime factors of ((-3)/(-2))/(3*1/m)?
3, 29
List the prime factors of (-2)/((-4970)/(-1245) - 4).
3, 83
Let o(i) = i**3 + 5*i**2 - 14*i - 11. Let t be o(-10). Let k = 523 + t. What are the prime factors of k?
2, 19
Let l(h) = 50*h**2 - h + 4. Let v = -26 - -28. What are the prime factors of l(v)?
2, 101
Let h = 1476 + -841. What are the prime factors of h?
5, 127
Suppose -p - 1378 = -2*h + 2*p, 8 = -2*p. List the prime factors of h.
683
Let d = -18 + 6. What are the prime factors of d/10*4/(-8)*70?
2, 3, 7
Suppose -1161 = -4*m + 7323. List the prime factors of m.
3, 7, 101
Suppose 0 = 31*h - 6*h - 14025. What are the prime factors of h?
3, 11, 17
Let c(g) = -5*g - 14 + 8 + 7. What are the prime factors of c(-8)?
41
Let l = -84 + 214. Suppose -126*s = -l*s + 616. List the prime factors of s.
2, 7, 11
Suppose 2*j + 3*p - 162 = 63, -5*p = -5. What are the prime factors of j?
3, 37
Suppose -57*m + 69*m = 20136. List the prime factors of m.
2, 839
Let r = -1208 + 1742. List the prime factors of r.
2, 3, 89
Suppose 0 = 3*g - 2*g - 5. Suppose 0 = -a + 5*k + 19, -a - 13 = g*k - 2. Suppose 2*q = -6, 2*i - 6 = 5*i + a*q. What are the prime factors of i?
2
Let m be (16/6)/(8/(-12)). List the prime factors of (-968)/m*(-2)/(-4).
11
Let m = 17 + -11. Let u be (0 - -227)*6/m. Suppose k - 5*n - 35 = -0*n, -5*k = n - u. What are the prime factors of k?
3, 5
Let x be (-2)/(4*(-1)/6). Suppose 53 - 8 = 5*t - x*o, -3*t - 5*o - 7 = 0. Suppose -112 = -t*y + 2*y. List the prime factors of y.
2, 7
Suppose 0 = 4*f + 2*z - 248, -4*f - f = -3*z - 310. Suppose 5*a - 72 = 43. Let w = f - a. List the prime factors of w.
3, 13
Let h(r) be the second derivative of r**5/20 + r**4/3 - r**3/3 - r**2/2 - r. Suppose -2*m + 7 = 15. What are the prime factors of h(m)?
7
Suppose 0 = v + 3*v + 2*m - 910, -m + 3 = 0. List the prime factors of v.
2, 113
What are the prime factors of 3*206 - (4 - 7 - -1)?
2, 5, 31
Let a be 3*-1*(-10)/15. Let q(d) = 0*d**a - 1 - 11*d - d**2 + 3. List the prime factors of q(-8).
2, 13
Suppose 1174*l + 6534 = 1177*l. List the prime factors of l.
2, 3, 11
Suppose -4*z + 245 = z. Suppose d + z = -3*y, -77 = -y + 6*y + 4*d. Let l = y + 51. What are the prime factors of l?
2, 17
Suppose -f + m + 3399 = 0, 11*f - 4*m = 13*f - 6786. What are the prime factors of f?
43, 79
Let l = 119 - 58. Suppose 20 = -l*a + 66*a. What are the prime factors of a?
2
Suppose -2*f + 15 + 33 = 0. Suppose -f = -2*m + 36. What are the prime factors of m?
2, 3, 5
Let o be (-1384)/16*(-1 + -1). Let d = -33 + o. What are the prime factors of d?
2, 5, 7
Let u be (-7)/(-4) + 10/40. Let j(f) = 8*f - 8*f**u + 3*f**3 + 0*f**2 - 4 + 11 - 4*f**3. What are the prime factors of j(-9)?
2
Let g(b) = 5*b**3 - 6*b**2 - 9*b - 3. What are the prime factors of g(6)?
3, 269
Let t = -1466 + 2764. List the prime factors of t.
2, 11, 59
Let f be (2/4)/((-12)/(-7128)). Suppose -7*x = -4*x + f. Let s = 172 + x. What are the prime factors of s?
73
Let f(d) = 5*d + 3. Let n be f(7). Suppose -x - n = -g, g + 3*x = -3*g + 187. Suppose -g = -m + k, -m - 4*k + 0*k = -58. List the prime factors of m.
2, 23
Suppose -3895 = 5*f - 18345. List the prime factors of f.
2, 5, 17
Suppose -4*g - 3*x - 27 = 0, 0*x + 5*x + 13 = 4*g. Let n(j) = -22*j - 7. List the prime factors of n(g).
59
Let n be (-50)/(-5) + 4*1. Suppose -n*c = -16*c + 46. Suppose j = c + 37. List the prime factors of j.
2, 3, 5
Suppose 2*w = -b + 1909, -5*b - 2*w = -5319 - 4234. What are the prime factors of b?
3, 7, 13
Let o(k) = k**3 - k**2 + 47. Let t be o(0). Let p be (-3)/((-4)/((-4)/(-1))). Suppose p*h - 129 = 3*c, -2*h - c + 30 = -t. List the prime factors of h.
2, 5
Suppose 23*t - 560 = -5*t. Let c(o) = -29*o - 1. Let b be c(-2). Let j = b - t. What are the prime factors of j?
37
Suppose 13*z - 18*z + 2975 = 4*d, -2*z - 4*d = -1202. What are the prime factors of z?
3, 197
Let m(x) = x + 5. Suppose z = 4*s + 3 + 7, s = -z + 5. Let v(n) = 1. Let h(d) = z*v(d) + m(d). What are the prime factors of h(-6)?
5
Suppose -15 = 3*h - 0. What are the prime factors of -1 - h - 330/(-3)?
2, 3, 19
Let v be -12 + -25 - (0 - 0). Let t = -34 - v. Suppose -3*x - t*p = -177, -x - 2*p - p = -53. List the prime factors of x.
2, 31
Let r(q) = q**3 + 6*q**2 + 7*q + 5. Let c be r(-5). Let a be (-11)/c - (-2)/(-10). Suppose a*d - 155 = -3*d. List the prime factors of d.
31
Let z be (21/(-7))/(1/11). Let s be (-188)/(-3 + -1) + 2. Let u = z + s. What are the prime factors of u?
2
Suppose 2796 = -20*s + 23*s. What are the prime factors of s?
2, 233
Suppose s = -5*z + 1100, 3*s + 2*z - 3340 = 7*z. Suppose 2*t = -8*t + s. What are the prime factors of t?
3, 37
Let h = -11 - -12. Suppose -12 = -z - h. Suppose 5*w + z = -14, 0 = 4*l + w - 207. What are the prime factors of l?
53
Let a = 78 + -16. Suppose a = u + 42. List the prime factors of u.
2, 5
Let w be 188/14 - (-9)/(-21). Suppose 0 = -w*y + 6*y + 14. Suppose -y*n - 2*m + m = -98, 4*n - 4*m - 196 = 0. What are the prime factors of n?
7
Let a be 39/9 + (-4)/3. List the prime factors of 4*(a - (-711)/12) + 0.
3, 83
Let r(z) = 7*z**3 - 7*z**2 + 21*z + 71. What are the prime factors of r(9)?
2, 11, 109
Suppose 5*o = 4*b + 7594, -5*o + 4*o = 2*b - 1516. What are the prime factors of o?
2, 3, 11, 23
Let w(x) = -x**3 - 4*x**2 + 11*x + 7. Let p be w(-6). Suppose -p*a + 10*a + 465 = 0. List the prime factors of a.
5, 31
Let z = 18 - 15. Suppose o - 280 = -4*o - z*x, 0 = 4*o + x - 231. Suppose 3*v - o = 49. What are the prime factors of v?
2, 3
Let c = -20 - -20. Suppose 2*k + k = c. Let b(w) = -w + 2. List the prime factors of b(k).
2
Let h(m) = 28*m**2 - 61*m - 14. What are the prime factors of h(7)?
7, 19
Let t(q) = q - 2. Let x be t(2). Suppose 2*a - a + 2 = 0, 3*v - 5*a - 19 = x. Suppose v*z - 90 = -0*z. List the prime factors of z.
2, 3, 5
Suppose -2*u - 128 = -3*s + 3*u, 0 = -5*u - 5. List the prime factors of s - (-2 + 2)/(-2).
41
Let p(u) = -u**2 + 12*u - 25. Let n be p(8). Suppose 2*y - 3*v + 3 + n = 0, -21 = -y - 5*v. What are the prime factors of (3 - -97)/(y + 1)?
2, 5
Suppose 3*c + 5*z = c, 0 = -3*c - 2*z + 11. Suppose -c*g + 24 = -21. What are the prime factors of g/(-21) - 76/(-14)?
5
Let b = 25 + -5. Suppose 2*k + b = -5*q, 4*k - 3*q = 8*k + 12. Suppose 3*l + g - 35 = -k*l, l = -5*g + 7. What are the prime factors of l?
2, 3
Let x(k) = -12*k - k + 0 - 3*k + 6. Let s be x(5). What are the prime factors of (-6)/21 + s/(-14)?
5
Suppose 11*u - 3758 = 1885. List the prime factors of u.
3, 19
Let q(l) = 7*l**2 - 16. Let y(i) = -15*i**2 + i + 32. Let z(n) = 13*q(n) + 6*y(n). What are the prime factors of z(-11)?
3, 13
Let t(v) = -6*v - 1. Let c(h) = -10*h + 3. Let s be c(4). Let g be s/4 + (-9)/(-36). What are the prime factors of t(g)?
53
Let p(s) = -s**3 + 12*s**2 + 13*s - 7. Let w be p(13). List the prime factors of 2*29 + w/(14/(-4)).
2, 3, 5
Suppose -3*s + 0*t - 19 = 5*t, 0 = -s + 2*t + 12. Suppose -s*d - 3*d + 15 = 0. Let i(c) = c**3 - 4*c + 1. What are the prime factors of i(d)?
2
Let r(g) = 6*g. Let s(w) = -3*w. Let a(c) = 3*r(c) + 7*s(c). Let m be a(5). Let l = 27 + m. List the prime factors of l.
2, 3
Let f(q) = -16*q + 179. List the prime factors of f(4).
5, 23
Let q(v) = 0 + 1 - 11*v + 0 + 0. List the prime factors of q(-7).
2, 3, 13
Let i be 2/(-4)*-66 + 0. Let f be (i/(-55))/((-2)/70). Suppose -5*b + 14 = -f. List the prime factors of b.
7
Let s be ((-20)/5)/((-1)/2). Let o(w) = w. Let z(m) = m**2 - 11*m + 12. Let j(f) = 3*o(f) - z(f). What are the prime factors of j(s)?
2, 3
Suppose -102 = -g - 15. List the prime factors of g.
3, 29
Let t be -1 + -31 + 4*1. Let c = t - -20. What are the prime factors of (-2112)/(-40) - c/(-10)?
2, 13
Suppose -42*t + 50*t - 3616 = 0. List the prime factors of t.
2, 113
Let q(p) = p + 99. Let z be q(0). Let w = z + -165. List the prime factors of (-2)/4 + w/(-4).
2
Let r = 1549 - -2465. What are the prime factors of r?
2, 3, 223
Let k(v) = 3*v - 5. Let w be k(-1). Suppose -y + 60 = 3*y. Let m = y - w. List the prime factors of m.
23
Let l(t) = -3*t**2 + 4*t - 15. Let c(f) = -7*f**2 + 7*f - 31. Let x(w) = w + 7. Let j be x